der when 205 is divided by 93.
19
What is the remainder when 874 is divided by 111?
97
Calculate the remainder when 2991 is divided by 745.
11
Calculate the remainder when 1406 is divided by 232.
14
Calculate the remainder when 270 is divided by 130.
10
Calculate the remainder when 581 is divided by 158.
107
Calculate the remainder when 341 is divided by 114.
113
What is the remainder when 894 is divided by 412?
70
What is the remainder when 361 is divided by 51?
4
What is the remainder when 16 is divided by 9?
7
Calculate the remainder when 460 is divided by 40.
20
Calculate the remainder when 59 is divided by 2.
1
Calculate the remainder when 988 is divided by 9.
7
Calculate the remainder when 122 is divided by 18.
14
What is the remainder when 164 is divided by 33?
32
What is the remainder when 63 is divided by 36?
27
Calculate the remainder when 446 is divided by 92.
78
What is the remainder when 767 is divided by 12?
11
Calculate the remainder when 1152 is divided by 73.
57
Calculate the remainder when 45 is divided by 26.
19
What is the remainder when 510 is divided by 98?
20
What is the remainder when 132 is divided by 5?
2
What is the remainder when 540 is divided by 87?
18
Calculate the remainder when 486 is divided by 70.
66
Calculate the remainder when 2815 is divided by 317.
279
What is the remainder when 1280 is divided by 184?
176
What is the remainder when 66 is divided by 32?
2
What is the remainder when 150 is divided by 32?
22
What is the remainder when 203 is divided by 64?
11
Calculate the remainder when 1427 is divided by 24.
11
What is the remainder when 3260 is divided by 34?
30
Calculate the remainder when 5 is divided by 2.
1
What is the remainder when 48 is divided by 9?
3
Calculate the remainder when 444 is divided by 228.
216
Calculate the remainder when 321 is divided by 82.
75
What is the remainder when 211 is divided by 19?
2
Calculate the remainder when 817 is divided by 25.
17
Calculate the remainder when 30 is divided by 13.
4
What is the remainder when 70 is divided by 18?
16
Calculate the remainder when 287 is divided by 48.
47
What is the remainder when 219 is divided by 16?
11
What is the remainder when 3016 is divided by 600?
16
Calculate the remainder when 944 is divided by 45.
44
Calculate the remainder when 111 is divided by 14.
13
What is the remainder when 2801 is divided by 51?
47
What is the remainder when 284 is divided by 60?
44
What is the remainder when 194 is divided by 34?
24
What is the remainder when 4056 is divided by 123?
120
What is the remainder when 1497 is divided by 150?
147
What is the remainder when 32 is divided by 4?
0
Calculate the remainder when 96 is divided by 25.
21
What is the remainder when 173 is divided by 27?
11
What is the remainder when 118 is divided by 41?
36
What is the remainder when 468 is divided by 32?
20
What is the remainder when 391 is divided by 40?
31
What is the remainder when 989 is divided by 45?
44
Calculate the remainder when 1083 is divided by 16.
11
Calculate the remainder when 696 is divided by 100.
96
What is the remainder when 190 is divided by 58?
16
Calculate the remainder when 341 is divided by 23.
19
What is the remainder when 2457 is divided by 5?
2
Calculate the remainder when 413 is divided by 9.
8
Calculate the remainder when 419 is divided by 53.
48
What is the remainder when 133 is divided by 26?
3
What is the remainder when 7588 is divided by 55?
53
Calculate the remainder when 195 is divided by 30.
15
Calculate the remainder when 292 is divided by 6.
4
What is the remainder when 668 is divided by 233?
202
Calculate the remainder when 51 is divided by 18.
15
What is the remainder when 2469 is divided by 38?
37
Calculate the remainder when 837 is divided by 42.
39
What is the remainder when 3296 is divided by 132?
128
What is the remainder when 2237 is divided by 160?
157
Calculate the remainder when 4530 is divided by 216.
210
What is the remainder when 43 is divided by 39?
4
Calculate the remainder when 515 is divided by 102.
5
Calculate the remainder when 1212 is divided by 64.
60
Calculate the remainder when 187 is divided by 41.
23
Calculate the remainder when 497 is divided by 238.
21
What is the remainder when 1049 is divided by 86?
17
Calculate the remainder when 109 is divided by 89.
20
What is the remainder when 144 is divided by 41?
21
Calculate the remainder when 1556 is divided by 82.
80
What is the remainder when 117 is divided by 33?
18
Calculate the remainder when 221 is divided by 2.
1
What is the remainder when 175 is divided by 108?
67
What is the remainder when 95 is divided by 34?
27
What is the remainder when 103 is divided by 21?
19
What is the remainder when 1435 is divided by 21?
7
What is the remainder when 505 is divided by 334?
171
Calculate the remainder when 82 is divided by 21.
19
What is the remainder when 24 is divided by 18?
6
What is the remainder when 829 is divided by 103?
5
What is the remainder when 143 is divided by 56?
31
Calculate the remainder when 398 is divided by 82.
70
Calculate the remainder when 3272 is divided by 3250.
22
Calculate the remainder when 4147 is divided by 74.
3
Calculate the remainder when 91 is divided by 54.
37
What is the remainder when 329 is divided by 107?
8
Calculate the remainder when 2020 is divided by 75.
70
What is the remainder when 498 is divided by 44?
14
Calculate the remainder when 2121 is divided by 49.
14
Calculate the remainder when 395 is divided by 369.
26
What is the remainder when 94 is divided by 57?
37
Calculate the remainder when 75 is divided by 39.
36
What is the remainder when 14727 is divided by 263?
262
What is the remainder when 5248 is divided by 14?
12
Calculate the remainder when 2747 is divided by 110.
107
Calculate the remainder when 225 is divided by 38.
35
Calculate the remainder when 12345 is divided by 21.
18
What is the remainder when 6057 is divided by 75?
57
What is the remainder when 75 is divided by 28?
19
Calculate the remainder when 1133 is divided by 36.
17
Calculate the remainder when 980 is divided by 17.
11
What is the remainder when 1761 is divided by 139?
93
What is the remainder when 3325 is divided by 16?
13
Calculate the remainder when 8458 is divided by 36.
34
Calculate the remainder when 1749 is divided by 195.
189
Calculate the remainder when 409 is divided by 8.
1
What is the remainder when 2685 is divided by 28?
25
Calculate the remainder when 493 is divided by 281.
212
Calculate the remainder when 2483 is divided by 18.
17
What is the remainder when 484 is divided by 217?
50
Calculate the remainder when 530 is divided by 70.
40
What is the remainder when 261 is divided by 66?
63
What is the remainder when 327 is divided by 11?
8
What is the remainder when 261 is divided by 50?
11
What is the remainder when 1016 is divided by 10?
6
What is the remainder when 549 is divided by 57?
36
What is the remainder when 156 is divided by 72?
12
What is the remainder when 993 is divided by 194?
23
What is the remainder when 12055 is divided by 88?
87
What is the remainder when 51 is divided by 16?
3
Calculate the remainder when 135 is divided by 67.
1
What is the remainder when 349 is divided by 57?
7
What is the remainder when 634 is divided by 91?
88
What is the remainder when 347 is divided by 50?
47
What is the remainder when 1240 is divided by 73?
72
Calculate the remainder when 921 is divided by 71.
69
Calculate the remainder when 1385 is divided by 77.
76
Calculate the remainder when 356 is divided by 149.
58
Calculate the remainder when 369 is divided by 3.
0
What is the remainder when 783 is divided by 30?
3
Calculate the remainder when 1391 is divided by 120.
71
What is the remainder when 2251 is divided by 108?
91
What is the remainder when 523 is divided by 15?
13
Calculate the remainder when 116 is divided by 24.
20
What is the remainder when 568 is divided by 235?
98
Calculate the remainder when 14 is divided by 9.
5
Calculate the remainder when 212 is divided by 22.
14
Calculate the remainder when 172 is divided by 50.
22
What is the remainder when 237 is divided by 41?
32
What is the remainder when 2787 is divided by 186?
183
What is the remainder when 175 is divided by 4?
3
Calculate the remainder when 